6*y - 25 - 7/2*y**2. What is o(-5)?
4
Let d(a) be the second derivative of -a**5/20 + 13*a**4/12 - a**3/6 + 15*a**2/2 - 209*a - 2. Give d(13).
2
Let l be 1/(12/16 + -1). Suppose 24 = 3*g + 4*s, 2*g - 5*s = -2*s + 33. Let t be (-4 + g - 5)/(2/l). Let o(a) = -a**3 - 7*a**2 - 7*a - 1. Calculate o(t).
5
Let m be (3 + (-19)/10)/(2/20). Let u(z) = -8*z + 19. Give u(m).
-69
Suppose -k = p - 424 + 427, 0 = -2*p - k - 10. Let w(m) = -m**3 - 5*m**2 + 13*m + 20. Determine w(p).
27
Let t(d) = -2*d**3 + d**2 + 26*d + 5. Let i be (-3)/(-14) + 8586/2268. Determine t(i).
-3
Let u be 7*(10 - 276/42). Let i(k) = 2*k - 32. What is i(u)?
16
Suppose -l - 16 = -3*d, 5*d - 8 = 396*l - 397*l. Let g(i) = 20*i + 40. Determine g(l).
-100
Let x(u) = -10*u + 5. Suppose -2*s = 139*s - 141. Give x(s).
-5
Let s(y) = -11*y - 174. Let i be s(-16). Suppose 4*o = -5*m - 21, 3 = m - 2*o + o. Let p be (m + 4 - -1)*i. Let x(z) = -3*z + 7. Calculate x(p).
-17
Let m(w) be the second derivative of w**3/6 - 3*w**2/2 + w. Suppose -18*g + g + 51 = 0. Suppose 3*b + g*u = -12, -3*u = -5*b + u - 56. Give m(b).
-11
Let s(m) be the second derivative of -m**4/12 + 4*m**3/3 - m**2 + 4*m. Let a(r) = r + 15. Let y be (-18)/27 + 22/6*-2. Let i be a(y). Determine s(i).
5
Let w(v) = -3 - 15*v + 40*v - 14*v + 6 - 21*v. Calculate w(1).
-7
Let b(a) = -a**2 - a + 34. Let w = -534 + 525. Let c be 1 - w/36*-4. Give b(c).
34
Suppose -4*b - 11 = -c, 925*c - 2*b = 929*c + 10. Let x(r) = 15*r + 33. Give x(c).
18
Let l(b) = 29*b**3 + 9*b**2 + 51*b + 5. Let r(z) = -68*z**3 - 21*z**2 - 102*z - 8. Let c(t) = 7*l(t) + 3*r(t). Determine c(-7).
-3
Let n(z) be the third derivative of -z**6/360 - z**5/120 + z**4/6 - 23*z**3/2 - 14*z**2 - 1. Let r(o) be the first derivative of n(o). Give r(4).
-16
Let r(w) be the second derivative of w**6/360 + w**5/40 - w**4/4 - 5*w**3/3 + 98*w. Let u(t) be the second derivative of r(t). What is u(-4)?
-2
Suppose 2*h = -j + 98 - 100, 5*h - 50 = 3*j. Let f(u) = u**2 + 9*u - 17. Determine f(j).
-7
Suppose 3*p - 15 = -0*p. Suppose t - 12 = p*t. Let a(b) = 201*b + 9. Let s(v) = 62*v + 3. Let c(u) = 4*a(u) - 13*s(u). Determine c(t).
3
Let s(c) = -2*c**2 + 1. Let d(r) = 55*r**2 - 178*r**2 + 70*r**2 + 66*r**2 - 6. Let k(n) = -d(n) - 4*s(n). Give k(2).
-18
Suppose 3*n = 2*i + 7, 4*i = -9*n + 14*n - 11. Let j(h) = h**3 + 3*h**2 - 4*h - 3. Let o(w) = -w**3 + w + 1. Let f(r) = i*j(r) + 2*o(r). What is f(3)?
-7
Let a(z) = 13*z**3 + 2*z**2 - 4*z + 7. Let r be (-1210)/165*(-12)/44. Determine a(r).
111
Let w(p) = p + 11 + p**3 + 5*p**2 + 3*p**2 - 29 + 20. Let d = -192 - -184. Determine w(d).
-6
Let w(c) be the third derivative of 0 + 0*c**3 - 1/60*c**5 + 0*c + 1/8*c**4 - 15*c**2. Let d be w(3). Let l(y) = y**2 + y. Give l(d).
0
Let h(u) = 55*u**2 - 27 - 34*u**2 - 23*u**2 + 0*u - 13*u. Determine h(-2).
-9
Let h(d) = d**3 - 4*d**2 - 4*d - 3. Suppose -4*t = -16, -n + 0*t + 93 = 3*t. Let v = n + -83. What is h(v)?
-19
Suppose 19*l - 30 = 4*l. Let j(z) = 6 + 63*z - 11 - 53*z - z**l. Calculate j(9).
4
Let j be -1 + -8 - (144 - 152). Let r(g) be the third derivative of 23*g**6/120 - g**5/60 - g**4/24 - g**3/6 - g**2. Give r(j).
-24
Let i(s) = s**3 - 6*s**2 + 4*s - 8. Suppose 3*y + 47 = 65. What is i(y)?
16
Let h(y) = -5*y**2 + 1. Suppose 2*f + 12 = -140. Let q = f + 83. Suppose -6*a + q = 13. Calculate h(a).
-4
Let x(y) be the first derivative of -y**3/3 + y**2 + 7*y - 2. Suppose -16*m = -14*m - 30. Let a(p) = p**2 - 13*p - 25. Let w be a(m). Calculate x(w).
-8
Let l(g) = 17*g - 75. Let i = -15954 + 15958. Determine l(i).
-7
Let j(l) = 5*l**3 - 3*l - 2. Suppose -2*c = -40 + 46, -k - 2*c = 7. Give j(k).
-4
Let g(x) = -x**3 + x**2 + x - 9. Let c(n) = n**2 + n + 2. Let q(w) = -6*c(w) - g(w). Suppose -2*v + 17 = 1. Determine q(v).
5
Let v(d) = 81 - 91 - 14*d + 16 + 64 + 25. What is v(5)?
25
Suppose 5*l = d - 42, -2*l - 2*d + 83 = 95. Let y(w) = -2*w**2 - 19*w - 6. Give y(l).
18
Let o(u) = -2*u**2 - 3*u + 12. Let n be (-1 + -11)/2*((-14)/6 - -3). Calculate o(n).
-8
Let f(b) be the first derivative of 3*b**4/4 - b**2/2 + b - 964. Let m(r) = -r**3 + 5*r**2 - 3*r - 1. Let p be m(4). Let s be (p - 1)/2*1. Determine f(s).
3
Let r = 57 - 74. Let v = r + 21. Suppose -4*k = -5*g - 7, v = g - 1. Let o(a) = -a + 1. What is o(k)?
-7
Let x(y) be the second derivative of y**6/360 - y**5/20 + y**4/8 + 61*y**3/3 - 79*y. Let t(w) be the second derivative of x(w). Calculate t(6).
3
Let n(x) be the second derivative of -x**4/12 - 6*x**2 - 24*x. What is n(-10)?
-112
Let h(u) = -58 - 168 - 2*u + 268 - 53. What is h(-7)?
3
Suppose 17*t + 42 + 196 = 0. Let g(c) = 7*c + 21. Let j(s) = -s - 1. Let b(h) = g(h) + 5*j(h). Calculate b(t).
-12
Let u = -206 - -216. Let v be (6 - 132/30)/(4/u). Let m(n) = -5*n - 3. Give m(v).
-23
Let z(c) be the first derivative of -3*c**2/2 + 33*c + 3603. Calculate z(12).
-3
Suppose 2091 - 963 = -18*u + 1056. Suppose 0 = 4*h - 0*i + 3*i - 20, -4*i + 6 = -5*h. Let j(w) = 0 - 5*w**h - 6 - 3*w + 4*w**2. Give j(u).
-10
Let b(q) be the first derivative of q**2/2 + 3*q - 1. Let i = 112807 - 112812. Calculate b(i).
-2
Let l(p) = 2*p**2 + 3*p - 6. Let x = -1969 - -1965. Determine l(x).
14
Let i(q) = q**3 + 9*q**2 + 12*q - 3. Let r = -7138 - -7134. Determine i(r).
29
Let s(p) = 11*p**2 - p + 42. Let d(l) = -5*l**2 - 18. Let k(u) = -7*d(u) - 3*s(u). What is k(4)?
44
Let q(i) = -i**3 + 2*i**2 + 2*i + 2. Let y(t) be the third derivative of -11*t**4/24 - 79*t**3/6 + 3*t**2 + 22. Let a be y(-7). Determine q(a).
14
Let v(b) be the second derivative of b**5/20 + b**4/6 - b**3/6 - 3*b**2 - b. Let f(c) = -c**3 - 19*c**2 + 227*c - 88. Let k be f(8). What is v(k)?
-6
Suppose 2*q = 17 - 543. Let g = q - -264. Let x(r) = -2*r - 1. Let b(n) = 3*n + 2. Let o(i) = 3*b(i) + 5*x(i). Give o(g).
0
Let n(p) = -2*p + 7. Suppose 2*k + 2*j = -4, 3*k + 5*j + 10 = j. Let f be k/3 - 2/(48/376). Let o be (-84)/f - (3 - (-48)/(-20)). Give n(o).
-3
Let u(r) = r**3 + 4*r + 5. Let k = 8091 + -8092. Give u(k).
0
Let b(v) = -v**2 + 2*v + 27. Let m(t) = -2*t**2 + 5*t + 55. Let u(z) = -7*b(z) + 3*m(z). Suppose 4*k + 14 = -3*w + 22, -4 = 5*w - 2*k. Calculate u(w).
-24
Suppose 1091*f + 107 + 0 = 1198*f. Let n(i) be the third derivative of -11*i**5/60 - i**4/24 - 3*i**2. Determine n(f).
-12
Let t(x) be the second derivative of x**4/12 - 2*x**3/3 + 31*x**2/2 - 2550*x. Give t(9).
76
Let s(v) = v**3 + 8*v**2 - 8*v + 6. Suppose 0 = -l + 5*h + 73, -3*h = -4*l - 2*h + 254. Suppose -70*t - l = -63*t. Give s(t).
-3
Let t(q) = 11 + 14 + 1 - q**2 - 14*q - 3 + 0. Give t(-17).
-28
Let g(t) = -70*t**3 + t**2 + 3*t + 11. Let x(n) = -211*n**3 + 3*n**2 + 9*n + 38. Let u(j) = 7*g(j) - 2*x(j). What is u(-1)?
67
Let o(n) be the third derivative of 0 + 0*n + 0*n**3 + 1/120*n**6 - 9*n**2 + 0*n**4 + 1/15*n**5. What is o(-4)?
0
Let k(c) = -5 + 4*c**2 + 0*c**2 - c - 5*c**2 - c**3. Let p(n) = -n**2 + 4*n - 4. Suppose -39*m + 14 = -32*m. Let s be p(m). Determine k(s).
-5
Let s be (21/(-84))/(1/(-8)). Let b(w) = w + 2*w + s*w**2 - w**2 + 2*w + 3. Let v(n) = 3*n**2 - 2*n - 6. Let f be v(0). Calculate b(f).
9
Let q(p) = 8*p**2 + 8*p - 5. Let t(s) be the third derivative of -7*s**5/60 - 7*s**4/24 + 2*s**3/3 - 12*s**2 + 2. Let o(v) = -5*q(v) - 6*t(v). Give o(-2).
5
Let p(q) be the first derivative of -q**4/4 - 4*q**3/3 - 3*q**2/2 + 1. Suppose -12 = m, -5*c - 4019 = -m - 4006. Determine p(c).
40
Let a be (-2 + -3 + 2)/(-65 + 66). Let r(v) = v**2 + 4*v + 12. What is r(a)?
9
Let j(m) be the first derivative of -4*m**2 - 2*m - 651. Calculate j(-5).
38
Suppose -c = -35 - 8. Let f(z) = c - 70 + 32 + 9*z + z**2. Let g be (-72)/10 + 2/10. Determine f(g).
-9
Let l(i) = 341*i + 242. Let y(n) = n. Let b(o) = 13*o + 12. Let v(q) = b(q) + 4*y(q). Let w(h) = 6*l(h) - 121*v(h). Give w(1).
-11
Suppose 0 = -33*v - 107 + 173. Let s(k) = -4*k + 8. What is s(v)?
0
Let z = 135 - 143. Let c = 15 + z. Let k(b) = -b**3 + 6*b**2 + 8*b - 7. Give k(c).
0
Let p(m) = -2*m - 10. Suppose 3*q + 5*v - 10 = q, -v - 20 = -4*q. Suppose -37 = 4*r + r + c, 0 = 5*r + q*c + 25. What is p(r)?
6
Let r(j) be the first derivative of 114 + 7/2*j**2 - 1/3*j**3 - j. Suppose n - 8 = -0. Determine r(n).
-9
Let k(i) = -8*i**3 + 43*i**2 - 150*i - 242. Let v(u) = u**3 - 6*u**2 + 21*u + 33. Let p(m) = 2*k(m) + 15*v(m). Give p(-6).
